{"id":11237,"date":"2011-12-30T22:08:05","date_gmt":"2011-12-30T21:08:05","guid":{"rendered":"http:\/\/libelul.com\/?page_id=11237"},"modified":"2012-01-03T19:38:59","modified_gmt":"2012-01-03T18:38:59","slug":"publicite","status":"publish","type":"page","link":"https:\/\/libelul.com\/?page_id=11237","title":{"rendered":"Publicit\u00e9"},"content":{"rendered":"<p><img loading=\"lazy\" decoding=\"async\" data-attachment-id=\"11375\" data-permalink=\"https:\/\/libelul.com\/?attachment_id=11375\" data-orig-file=\"https:\/\/libelul.com\/wp-content\/uploads\/2011\/12\/home-libelul2.jpg\" data-orig-size=\"530,355\" data-comments-opened=\"1\" data-image-meta=\"{&quot;aperture&quot;:&quot;0&quot;,&quot;credit&quot;:&quot;&quot;,&quot;camera&quot;:&quot;&quot;,&quot;caption&quot;:&quot;&quot;,&quot;created_timestamp&quot;:&quot;0&quot;,&quot;copyright&quot;:&quot;&quot;,&quot;focal_length&quot;:&quot;0&quot;,&quot;iso&quot;:&quot;0&quot;,&quot;shutter_speed&quot;:&quot;0&quot;,&quot;title&quot;:&quot;&quot;}\" data-image-title=\"home-libelul2\" data-image-description=\"\" data-image-caption=\"\" data-medium-file=\"https:\/\/libelul.com\/wp-content\/uploads\/2011\/12\/home-libelul2-380x254.jpg\" data-large-file=\"https:\/\/libelul.com\/wp-content\/uploads\/2011\/12\/home-libelul2-450x301.jpg\" class=\"alignnone size-full wp-image-11375\" title=\"home-libelul2\" src=\"http:\/\/libelul.com\/wp-content\/uploads\/2011\/12\/home-libelul2.jpg\" alt=\"\" width=\"530\" height=\"355\" srcset=\"https:\/\/libelul.com\/wp-content\/uploads\/2011\/12\/home-libelul2.jpg 530w, https:\/\/libelul.com\/wp-content\/uploads\/2011\/12\/home-libelul2-380x254.jpg 380w, https:\/\/libelul.com\/wp-content\/uploads\/2011\/12\/home-libelul2-450x301.jpg 450w\" sizes=\"auto, (max-width: 530px) 100vw, 530px\" \/><\/p>\n<p><strong>Ils ont d\u00e9j\u00e0 fait confiance \u00e0 Libelul<\/strong><\/p>\n<p>Accor Hotels, Alsa, Beaba, BNP, Castorama, Club Med, D\u00e9cathlon, Garnier, Guigoz, Le Chat, Le Tanneur, HappyTime, Herm\u00e8s, Office National du Tourisme de Flandres, Parc Ast\u00e9rix, Marionnaud, Monoprix, Sony, Terraillon, Vertbaudet, Vtech \u2026<\/p>\n<p><strong>Vous souhaitez communiquer sur Libelul ?<\/strong><\/p>\n<p>Devenez notre partenaire :<\/p>\n<ul>\n<li><strong>Banni\u00e8res Sponsor<\/strong> :<br \/>\nUne banni\u00e8re (125\u00d7125) sera pr\u00e9sente dans l\u2019espace r\u00e9serv\u00e9 dans la colonne de droite sur l\u2019ensemble des pages du site. Il est pr\u00e9sent sur chaque page durant toute la dur\u00e9e de la mise en avant.<\/li>\n<\/ul>\n<ul>\n<li><strong>Test Produit<\/strong> :<br \/>\nIllustr\u00e9 de photos produites par <a href=\"..\/\" target=\"_blank\"><em>Libelul<\/em><\/a> pour s\u2019int\u00e9grer parfaitement \u00e0 notre ligne \u00e9ditoriale.<br \/>\nSoumis \u00e0 votre validation, il sera pr\u00e9sent sur la page d\u2019accueil pendant une semaine, et accessible sur <em>Libelul<\/em>.com.<\/li>\n<\/ul>\n<ul>\n<li><strong>Concours<\/strong> :<br \/>\nUne banni\u00e8re (280\u00d7170) sera pr\u00e9sente dans l\u2019espace r\u00e9serv\u00e9 dans la colonne de droite sur l\u2019ensemble des pages du site.<br \/>\nIl est pr\u00e9sent sur chaque page durant toute la dur\u00e9e de la mise en avant.<br \/>\nIllustr\u00e9 de photos produites par <a href=\"..\/\" target=\"_blank\"><em>Libelul<\/em><\/a> pour s\u2019int\u00e9grer parfaitement \u00e0 notre ligne \u00e9ditoriale.<br \/>\nSoumis \u00e0 votre validation, il sera pr\u00e9sent sur la page d\u2019accueil pendant une semaine, et accessible sur <em>Libelul<\/em>.com.<\/li>\n<\/ul>\n<p>Ou envoyez-nous, vos propositions de partenariats.<\/p>\n<p>Contact : jane (at) libelul.com<\/p>\n","protected":false},"excerpt":{"rendered":"<a href=\"https:\/\/libelul.com\/?page_id=11237\"><img decoding=\"async\" width=\"270\" src=\"\" class=\"alignleft wp-post-image tfe\" alt=\"\" title=\"\" \/><\/a><p>Ils ont d\u00e9j\u00e0 fait confiance \u00e0 Libelul Accor Hotels, Alsa, Beaba, BNP, Castorama, Club Med, D\u00e9cathlon, Garnier, Guigoz, Le Chat, Le Tanneur, HappyTime, Herm\u00e8s, Office National du Tourisme de Flandres, Parc Ast\u00e9rix, Marionnaud, Monoprix, Sony, Terraillon, Vertbaudet, Vtech \u2026 Vous souhaitez communiquer sur Libelul ? Devenez notre partenaire : Banni\u00e8res Sponsor : Une banni\u00e8re (125\u00d7125) [&hellip;]<\/p>\n","protected":false},"author":1,"featured_media":0,"parent":0,"menu_order":0,"comment_status":"open","ping_status":"open","template":"","meta":{"jetpack_post_was_ever_published":false,"footnotes":""},"class_list":["post-11237","page","type-page","status-publish","hentry"],"jetpack_shortlink":"https:\/\/wp.me\/PosPp-2Vf","jetpack_sharing_enabled":true,"jetpack-related-posts":[],"_links":{"self":[{"href":"https:\/\/libelul.com\/index.php?rest_route=\/wp\/v2\/pages\/11237","targetHints":{"allow":["GET"]}}],"collection":[{"href":"https:\/\/libelul.com\/index.php?rest_route=\/wp\/v2\/pages"}],"about":[{"href":"https:\/\/libelul.com\/index.php?rest_route=\/wp\/v2\/types\/page"}],"author":[{"embeddable":true,"href":"https:\/\/libelul.com\/index.php?rest_route=\/wp\/v2\/users\/1"}],"replies":[{"embeddable":true,"href":"https:\/\/libelul.com\/index.php?rest_route=%2Fwp%2Fv2%2Fcomments&post=11237"}],"version-history":[{"count":0,"href":"https:\/\/libelul.com\/index.php?rest_route=\/wp\/v2\/pages\/11237\/revisions"}],"wp:attachment":[{"href":"https:\/\/libelul.com\/index.php?rest_route=%2Fwp%2Fv2%2Fmedia&parent=11237"}],"curies":[{"name":"wp","href":"https:\/\/api.w.org\/{rel}","templated":true}]}}